/15. Let l = i - 2418. Is l composite?
True
Let z = 15 + -6. Suppose 5*n + 1 = -z. Is n*-289*4/8 prime?
False
Let h(o) = -13*o - 8. Let m be h(-9). Suppose 6*g = 2*g. Suppose s + w + 3*w - m = 0, -s + 2*w + 79 = g. Is s a prime number?
True
Let g = 1 + 3. Suppose -3*m = g + 2. Is (m/(-6))/(6/8766) a composite number?
False
Let w(z) = 45*z**2 + 15*z + 451. Is w(-18) a composite number?
True
Suppose -m + 5*m = 4*n - 16, -n + 4*m = -4. Let x(c) be the second derivative of 3*c**5/20 + c**3 - 5*c**2/2 - 2*c. Is x(n) composite?
False
Let b(u) = 215*u**2 + 2*u - 1. Let f be b(1). Suppose -w - 1120 = -4*z + 2*w, -4*z = -w - 1128. Let d = z + f. Is d composite?
False
Suppose -c + 4 = -21. Let g(n) = 7*n**2 - 82 - 5*n + c + 44. Is g(-9) prime?
True
Let a be (-4)/12*((0 - 3356) + -1). Let g = -332 + a. Is g composite?
False
Let g = -480 - -1086. Let c = g + -271. Is c composite?
True
Let y = 1412 - -1235. Is y composite?
False
Suppose 4*u + 7 = 5*i, -2*u - 4*i + 0*i = -16. Suppose 2*t - 4475 = -5*q, 2*q - 1781 = 3*t - u*t. Is q a prime number?
False
Let s = 635 - -491. Suppose -k = -3*k + s. Is 2/(-3) - k/(-3) a composite number?
True
Suppose 30*q + 47822 - 122252 = 0. Is q a prime number?
False
Let j be 2/(-11) + (-70)/(-22). Suppose -2*b + y + 86 = 0, -j*y + 4 = -y. Let o = 2 + b. Is o a composite number?
True
Let u(n) = 3*n - 5. Let d(l) = l - 2. Let v(b) = 21*d(b) - 6*u(b). Let s be v(5). Suppose 195 = 2*p + 3*t + 29, p + s*t = 77. Is p a prime number?
True
Suppose -4*t + 2*t = -56. Let q be ((-106)/3)/(t/(-126)). Is (-3)/(0 - 3/q) a prime number?
False
Suppose i - 5*i - 24 = -4*h, -18 = 3*i - 2*h. Let d be 4/i - 8/(-12). Suppose 9*j - 5*j - 236 = d. Is j prime?
True
Suppose -4*s + 5936 = 2*b, -3*b = 3*s - 252 - 8643. Is b a prime number?
False
Suppose -n - 2*n = 2*z - 13198, -5*z - 4*n = -32995. Is z prime?
True
Suppose -2*h - 2*i = -12132, -4*i - 18194 = -3*h - 3*i. Is h composite?
True
Let o(i) = -236*i + 33. Let q(w) = w**3 + 7*w**2 + 7*w - 7. Let c be q(-6). Is o(c) prime?
False
Is 32375/5 + 0 + -6 + 0 a composite number?
False
Let h = 2309 + -1252. Suppose 4*y + h = 5*y. Is y a composite number?
True
Let j(m) = -2*m**3 - 3*m**2 - m + 2. Let b be j(-2). Let n = b - 10. Is (-2)/(-3)*(-1119)/n a prime number?
True
Let c(u) = -328*u**2 - 2*u - 3. Let j be c(-2). Let n = j - -642. Let q = n + 1004. Is q prime?
False
Suppose -4*a + 116289 = 4*b - 7*a, 2*b + a = 58157. Suppose 0 = 5*y - l - b, 2*y = -3*l + 7*l + 11634. Is y composite?
True
Let y = -2 - -228. Suppose y = -m + 3*m. Is m a composite number?
False
Let p(o) = 11*o - 31. Is p(16) a prime number?
False
Suppose -5750 = -2*a - 4*d, -d + 11 - 13 = 0. Is a composite?
False
Let c(w) = -w**3 - 26*w**2 + 2*w - 59. Let t be c(-33). Is -1*t/(-1) - 4/(-4) prime?
True
Let t = 136 + -132. Suppose -5*y = -w - 8252, 1663 = -3*y + t*y + 4*w. Is y prime?
False
Let p(t) = 7390*t - 19. Is p(9) a prime number?
True
Let s(j) = 6339*j**2 - 11*j - 183. Is s(-8) a composite number?
True
Let t(b) = -7 + 9*b - 6 + 5 - 5 + 10*b**2. Let q be t(-9). Suppose -5*m + 2*w + w = -q, w + 2 = 0. Is m a composite number?
True
Suppose 0 = -56*l + 400781 - 77493. Is l a prime number?
False
Let p(y) = 12*y**2 - 12*y + 10. Let f be p(9). Let o = f - 621. Is o a composite number?
True
Let y = 17 - -7. Let s be (2154/y)/((-2)/(-8)). Suppose -714 = -4*c - 2*k, 0*k = 2*c + 3*k - s. Is c prime?
False
Let a be 512/64 + 4/(0 - 1). Let m = 5 - 2. Suppose -m*u + 665 = -a*b + 2*b, 5*b = -3*u + 679. Is u a prime number?
True
Suppose -4*d = 4*f - 4, -d = -5*f - 4*d + 5. Let v be 1/(f/(-6 + 4)). Is (-161*(v + 1))/1 composite?
True
Let u be (2/(2/(-3)))/1. Let t = -8 - -11. Is u/t*79/(-1) composite?
False
Let v = 13 - 5. Is -1361*((-6)/v + 9/(-36)) a composite number?
False
Suppose -27*m + 43548 = -11883. Is m a prime number?
True
Let t = -4064 + 9082. Suppose 2*w = -2*w + 2*p + 4018, -5*w = -p - t. Is w composite?
True
Let f(y) = -y**3 + 4*y**2 - 4*y + 2. Let g be f(2). Is (-6)/2 - (g + -578) a composite number?
True
Let q be 6/(-2)*-195*60/54. Suppose n - q = -3*s, n - 5 = -0*n. Is s a composite number?
True
Let l(b) = b**2 + 2*b - 7. Let p(r) = r + 2. Let s be p(-7). Let n be l(s). Suppose 797 = 3*o - 4*m, 0 = -n*o + 4*o + 5*m + 1062. Is o prime?
True
Suppose -181*i + 25065 = -172*i. Is i a composite number?
True
Let f(z) = -6*z**3 + 22*z**2 - 32*z + 143. Is f(-21) prime?
True
Is 4*(3 - 33/12)*9859 prime?
True
Suppose 0*t + 2*t + 23 = 3*a, 3*a - 7 = -2*t. Suppose 37 = -4*f - a*d + 100, 4*d = 2*f - 38. Let w = f + 72. Is w a prime number?
True
Let x = -990 + 1397. Is x composite?
True
Suppose -4*a + z + 210 = -0, -4*z + 61 = a. Is a a prime number?
True
Suppose -5*x + 10*x - 20 = 0. Suppose -c - x = -3*c. Suppose -c*f + 2*a = -f - 223, -862 = -4*f - 2*a. Is f composite?
True
Suppose 0 = 4*c + c + f - 16940, -2*c + 4*f + 6798 = 0. Is c prime?
True
Let x(w) = 2*w - 2. Let a be x(-1). Let r be (2 - 18)/a + -4. Suppose -13*k + 15*k - 254 = r. Is k a prime number?
True
Let i = -78 + 1316. Let y = -668 + 1365. Let c = i - y. Is c a composite number?
False
Let c = 897 - 495. Suppose 3*f + c = 2*b + b, -b - f = -142. Is b/4*(1 - -1) composite?
True
Let m = 1008 - 1458. Let n = m - -665. Is n prime?
False
Suppose 0 = 216*s - 213*s - 8115. Is s a prime number?
False
Let i be (-30)/(-4)*12/(-15). Let v be ((0 - -4) + i)*-7. Suppose -33 = -v*l + 13*l. Is l a prime number?
False
Let u = 11588 + -5749. Is u a prime number?
True
Let d be 3/(-24)*-2*4. Let v(b) = 631*b**2 + 4*b - 1. Is v(d) prime?
False
Suppose 21*x - 25*x + 5*p = -110242, -110256 = -4*x - 2*p. Is x a prime number?
False
Let t be 0 - (-3)/((-12)/(-680)). Let n = 509 + t. Is n prime?
False
Suppose 0 = 3*b + 11 - 35. Suppose -9*d = -b*d - 1799. Is d a prime number?
False
Is 3*4/4*43244/12 a composite number?
True
Let s(r) = 2179*r**3 + r**2 - 2*r + 1. Is s(1) composite?
False
Let h = -475 - -747. Suppose 86 = -2*y + 3*s, -5*y = -6*y - s - 53. Let v = y + h. Is v composite?
False
Let h be (-2)/(5/(-3 + 13)). Is (-953)/(-5) + (h - 44/(-10)) composite?
False
Let r(a) = -27*a - 1 - 11*a + 6 + 2. Is r(-6) a prime number?
False
Let m be 4/6 - (23630/(-15) + -1). Let f = -364 + m. Is f a composite number?
False
Let u(c) = c - 5*c + 3*c + 2*c - 5 + c**2 + 2*c**3. Let r(q) = -q**2 - 4*q + 1. Let n be r(-3). Is u(n) a composite number?
True
Let p(n) = 16 - 14*n - 10*n**2 - 2*n**2 + n**3 - 2. Let j be p(13). Is (3246/(-24))/(j/(-4)) composite?
False
Let v = 3233 - 1219. Let h = -1093 + v. Is h a composite number?
True
Let q = -21 - 3. Let h = 27 + q. Suppose 2*p - 960 = 2*f, p = h*f + 245 + 233. Is p composite?
True
Let p(t) = 2*t + 16. Let o = 25 + -32. Let l be p(o). Suppose 2*y + l*y - 5636 = 0. Is y prime?
True
Let t be (-162831)/(-39) - (1 - (-22)/(-26)). Suppose -l - 4*r = -1047, -3*r + 6*r = -4*l + t. Is l prime?
False
Suppose -13*t = 20*t - 2023197. Is t composite?
True
Let d be 8/2 + 8/(-2). Suppose d = -4*x + x - 870. Is 2*(x/(-4) - -2) composite?
False
Let a be 1513/(-15) + (-4)/30. Let n = a + 370. Is n composite?
False
Let m(j) = -j**3 + 2*j**2 + 5*j + 4981. Is m(0) prime?
False
Let c(s) = -34 - 25 - 636*s + 58. Is c(-1) prime?
False
Let t(i) = 123*i**2 - 4*i + 3. Let g be t(1). Let c = g - -101. Is c prime?
True
Let t = 37 + -49. Is ((-2994)/(-9))/((-44)/t + -3) a prime number?
True
Suppose -7*f = -10*f + 9. Suppose -3*j = 0, 3*w + f*j - 4057 + 1174 = 0. Is w a prime number?
False
Let s be (7/3 + -2)*12. Is (-21776)/(-32)*(0 + s + -2) composite?
False
Suppose -q + 4*g + 131 + 51 = 0, q - 172 = 2*g. Is ((-4)/(-2) - 3) + q composite?
True
Let y = 3 + -4. Is y*3 + (-5 - -199) composite?
False
Is 20886/15 + -4 - (-3)/5 prime?
False
Let c = 43894 + -2739. Is c composite?
True
Let v(y) = 2*y + 3. Let p be v(6). Let k = 8 - p. Is (1/(-3))/(k/399) a prime number?
True
Suppose -5*y = -5*v - 305, 3 = -4*y - 5*v + 283. Let k = y + -45. Let w = k + 13. Is w a composite number?
True
Let b(r) = 18*r**2 + 41*r - 27. Is b(-20) a composite number?
False
Let t(d) = d**2 - 2*d - 9. Suppose -13 = j + 2. Let u = j + 23. Is t(u) a prime number?
False
Let p = 3 + -6. Suppose -5*u + 370 = -5*s, -2*s - 3*u + u = 164. Is p + 1 - s/2 a composite number?
False
Let x = 42 - 26. Suppose 3964 = -x*j + 20*j. Is j com